and c.
11
Let p = -1916 + 1923. Calculate the greatest common factor of p and 112.
7
Let s be 348/7 + (-2)/(-7). Suppose -16 = -3*v + s. Suppose 5*z = 14*z + 5*z - 154. What is the highest common divisor of v and z?
11
Let r = 3003 - 2888. What is the highest common divisor of 437 and r?
23
Let q(o) be the first derivative of o**4/4 - 16*o**3/3 + 17*o**2/2 + 16*o + 13. Let d be q(15). Calculate the highest common divisor of d and 2.
2
Let r be (21/12)/(2/336). Let b = r + -266. What is the highest common factor of 112 and b?
28
Let k(g) = 18*g**2 + 8*g - 2. Let u be k(1). What is the greatest common divisor of 2000 and u?
8
Let r be 24/(-16)*(-10)/(-15). Let c be (123/(-18) + 6)/(r/150). What is the highest common divisor of 75 and c?
25
Suppose 3*f + 24*f = 4823 + 6787. Suppose 0*t = 2*t - 20. What is the greatest common divisor of f and t?
10
Let i be ((-549)/(-45) - 13)/((-1)/25). Suppose -5*f - 225 = -725. What is the highest common divisor of f and i?
20
Suppose 4638 = 2*w + x, 13*w - 9*w - x - 9294 = 0. Calculate the greatest common divisor of 126 and w.
18
Let p(t) = -t**3 - 7*t**2 + 9*t + 15. Let o be p(-8). Suppose 0 = 112*c - 96*c - 16. Calculate the highest common factor of o and c.
1
Let a = 1997 - 1981. Let h be (4/(-10))/((-1)/(1 + 59)). Calculate the greatest common factor of a and h.
8
Suppose 4*f - 156 = -3*g, f - 98 = -5*g + 162. Calculate the highest common factor of g and 164.
4
Suppose 0 = d - 4*k - 7784, 12*d - k = 8*d + 31046. What is the highest common divisor of 160 and d?
80
Let c = -63 + 75. Suppose 7*g + 23 = c*g + 2*t, -3*t + 12 = 0. Suppose 2*z = 3 - 7, -4*v = g*z - 506. What is the greatest common factor of v and 16?
16
Suppose 0 = -530*y + 615*y - 133620. Calculate the greatest common factor of 60 and y.
12
Let s = -47 - -51. Suppose -s*j - 13 = -3*g - 0*j, 3*g = -j + 8. What is the greatest common factor of g and 27?
3
Suppose -i + 3 = 2*i. Let l be (-1)/i - 2/(-2). Suppose l = -5*f + f + 84. What is the highest common divisor of f and 147?
21
Suppose -7717 = -41*m + 2317 - 1670. Let r = 319 - 200. Calculate the greatest common divisor of m and r.
17
Let t = -7014 + 8756. What is the highest common divisor of 52 and t?
26
Suppose -3*m - 2*i + 350 = 3*i, 5*m = i + 574. Suppose 2*c + 10 = 16. Suppose 3*k + 16 = -k, -c*x + 4*k = -85. What is the greatest common factor of x and m?
23
Suppose 0 = 13*b - 16*b + 39. Suppose -n - b = -58. Suppose 35*a - n = 30*a. What is the greatest common divisor of 45 and a?
9
Let y(h) = 8623*h**2 - 16*h - 8. Let f be y(-1). Calculate the highest common factor of 63 and f.
63
Let u = -1033 - -1561. Let i = u + -482. Let a be (-12)/(543/276 + -2). What is the highest common divisor of i and a?
46
Suppose 118 = 3*l + 31. Let g = 31 - l. Suppose -2*u + y = -48, -g*y = 2*u - u - 19. What is the highest common factor of u and 69?
23
Suppose -32 = -5*d + 4*a, -d + 2*a + 19 = -3*a. Suppose -d*v = -2*v - 32. Let t be (6 + 180/(-27))/(1/(-168)). Calculate the greatest common divisor of t and v.
16
Let x be ((-26)/(-6) - 2)/((-265)/(-42135)). Calculate the highest common factor of 583 and x.
53
Let s be (-8)/(-24) + (3445/(-15))/(-13). Let v(l) = l**3 - 11*l**2 + 14*l - 16. Let z be v(11). What is the highest common factor of z and s?
6
Let u(s) = -25*s + 223. Let z be u(-2). What is the highest common divisor of z and 525?
21
Suppose 0 = m + 13 - 132. Let x = m - 69. Let z = -45 + x. Calculate the greatest common divisor of 5 and z.
5
Let q = 135 + -170. Let u = q + 55. What is the greatest common divisor of 12 and u?
4
Suppose 4*f = -4*j + 12, 67 = 5*f - j + 28. What is the highest common factor of 6587 and f?
7
Suppose -23*a = 13*a - 20484. Let v = a + -434. What is the greatest common factor of v and 27?
27
Let y(o) = 7*o**2 + 5. Suppose 3*i = -0*i + 9. Suppose i*j = 4 + 5. Let z be y(j). What is the highest common divisor of z and 34?
34
Let m(z) = -z**3 + 65*z**2 - 500*z - 105. Let k be m(56). Calculate the highest common divisor of 1411 and k.
17
Suppose 12 = -2*n - 24. Let k be 13 + -12 - (n + 1). Let g be 1 - -16 - (k - 21). Calculate the highest common factor of g and 5.
5
Let j(r) = -7*r**3 + 4*r**2 + 26*r + 23. Let y be j(-3). What is the greatest common factor of y and 30?
10
Suppose 15505 = -41*j + 15833. Let i be 12 + (2 - 0 - 1). Suppose -4*n + 135 = 5*g - i, 3*n - 55 = -2*g. Calculate the greatest common factor of g and j.
8
Suppose -220*r = -218*r - 112. Suppose g = 10*g - 72. What is the greatest common divisor of r and g?
8
Let k be (-3204)/(4/((-216)/30) + 40/(-90)). What is the highest common divisor of 8 and k?
4
Let z be 8/((-21 - -20) + (-5)/(-3)). Suppose 13*i - z*i = -28. Let d be i/(1 - -1 - 8/2). What is the highest common factor of d and 14?
14
Let j(b) = -401*b**3 + b + 1. Let s be j(-1). Suppose 239 - 65 = 2*w + 3*p, 5*w - p - s = 0. Calculate the highest common divisor of w and 18.
9
Suppose -2*g + 0*g + 21 = -5*j, 0 = g - 3*j - 12. Suppose 5*l + g*l = 1360. What is the highest common factor of l and 34?
34
Let v(r) = 205*r - 604. Let j be v(4). Calculate the highest common factor of j and 999.
27
Let h be ((-5896)/110)/(3/(-780)). What is the greatest common factor of h and 208?
208
Suppose -80 = -3*b - 5*l - 63, -5*l - 39 = -b. Let u(s) = -3*s + 1. Let m be u(-9). Calculate the greatest common factor of m and b.
14
Let w be 33 + -8 - 2/(-1)*-2. Suppose -6468 = -w*u - 2079. Suppose -x = 2*c - 17, -2*c = 3*x - 58 + 3. What is the highest common divisor of u and x?
19
Suppose 5*p = -65*v + 61*v + 7114, -p + 6 = 0. What is the highest common factor of v and 1518?
253
Suppose -18*o = -14*o - 24. Suppose -305 = o*g - 2015. Calculate the greatest common factor of g and 114.
57
Suppose -47*z + 94*z + 546 = 73*z. What is the greatest common divisor of 28077 and z?
21
Suppose -271*x - 335616 + 1045451 = -269017. Calculate the greatest common factor of 4 and x.
4
Let l be (2 - -829) + (1 - 0). Let r be (-345)/(-25) - -11 - (-18)/15. What is the greatest common factor of l and r?
26
Suppose 0 = 8*f + 137 + 247. Let q be (f/15)/(6/45)*-8. What is the highest common factor of 128 and q?
64
Suppose -7479*n + 3540 = -7473*n. Calculate the greatest common factor of 90 and n.
10
Suppose 3*h = -3*k + 45174, 0 = -3*h - 4*k - 21988 + 67169. What is the greatest common factor of h and 29?
29
Let v be (-123)/(-5) + -1 - (-11 + 53/5). Calculate the highest common factor of 6312 and v.
24
Suppose 113 = 3*v + 2*g - 4*g, 0 = -2*v + 3*g + 72. Let i be 1378/8 + 0 + v/52. Let n = i + -93. Calculate the highest common factor of 8 and n.
8
Suppose 15*z = -17 - 13. Let k be -36 - -35 - (0 - -1)*z. Let o be ((-34)/2 + k)*(-2 + -1). Calculate the greatest common factor of o and 8.
8
Let h(t) = -68*t + 102. Let x be h(-4). Let j = x - 371. What is the highest common divisor of j and 105?
3
Suppose 3*c + 3 = 4*c, 1809 = -4*b + 3*c. Suppose 186*p = 188*p + 2. Let m be ((-28)/(-10))/(444/b - p). What is the highest common divisor of 42 and m?
42
Suppose i = 3*n - 2*n + 30, 0 = 2*n - 2. Let a = 45 - i. Calculate the highest common divisor of a and 168.
14
Let u(s) = -s**3 + 4*s**2 + 4*s + 3. Let z be u(-2). Let c = -8260 - -8393. Calculate the greatest common divisor of z and c.
19
Let q be 0 + 3/(-7) - ((-68688)/(-84))/(-18). What is the greatest common divisor of q and 1605?
15
Suppose 7*d + 34 = -29. Let v be (-22)/99 - 3242/d. Let t be (v/5)/1 + -3. What is the greatest common factor of t and 46?
23
Suppose 10*p - 2752 + 2252 = 0. What is the highest common factor of 170 and p?
10
Let m be (19 - -10747) + -7 + 4 + 2. Calculate the highest common divisor of m and 5.
5
Let c(o) = -o + 42. Let j be c(0). Let r be j/147 - (-52)/14. Calculate the highest common divisor of r and 88.
4
Let h be 6/24*(-9 + 8 - -13). Let p = -24 + 39. Suppose -2*c = -c - p. Calculate the highest common divisor of c and h.
3
Suppose -8*u = -870 - 282. Let a = 40 - 29. Suppose -a*x + u = -7*x. What is the greatest common divisor of x and 4?
4
Suppose -8*x - 3*x = -66. Suppose -38*j + 165 = -33*j. What is the greatest common factor of x and j?
3
Suppose 0 = 18*b - 11 + 83. Let k be b + 3 + (2 - -23). Calculate the highest common divisor of k and 384.
24
Suppose -23*y + 78*y - 847 = 48*y. What is the highest common di